 digit of z?
6
Let v = 12 + 13. Let o(n) = 3*n**2 - 2*n - 2. Let i be o(2). Suppose -x - v = -i*x. What is the units digit of x?
5
Suppose -12 - 38 = -5*c. Let k(j) = c*j + 14 + 2*j**3 - 3*j**3 + 3*j - 9*j**2 - 3*j. What is the tens digit of k(-10)?
1
Suppose -4*u + 0 = 4. What is the tens digit of ((-7)/(-14))/(u/(-38))?
1
Let o = -4 - -8. Suppose -2 = j - 5*j + 2*t, -3*j + 5*t + 5 = 0. Suppose 7*x - o*x - 27 = j. What is the units digit of x?
9
Suppose 4*r + 12 = r - 2*f, 4*r + 20 = -4*f. What is the units digit of r - (1 + -4) - -10?
1
Let z(f) = f**2 + 6*f + 2. Let n be z(-6). Let u = -4 - -18. Suppose n*s + u - 54 = 0. What is the tens digit of s?
2
Let s = -459 + 851. What is the hundreds digit of s?
3
Suppose 5*x = 4 + 6. Suppose -x*c = c + y - 20, 2*y = 10. Suppose 0 = j - c*j + 44. What is the units digit of j?
1
Suppose p + 5*p = 90. What is the units digit of p?
5
Let i = 72 - 57. Suppose 27 = w - p, p = 2*w - 68 + 9. Let h = w - i. What is the tens digit of h?
1
Let n = 2 + 1. Let y be ((-2)/n)/((-5)/(-60)). Let f = -3 - y. What is the units digit of f?
5
Let j = -14 - -17. Suppose -2*t = j*v - 73, 0*t + 124 = 5*v + t. What is the tens digit of v?
2
Let w(f) = -f - 2. Let r be w(-4). Let j = 8 - 7. Let t = r - j. What is the units digit of t?
1
Suppose -8*r - 15 = -3*r. Let q be r*3/(-9) + 15. Suppose 4*n + q = 8*n. What is the units digit of n?
4
Let q be (-10)/(-5) - (1 + 5). Let r(a) = -a + 3. What is the units digit of r(q)?
7
Suppose -4*f + 3*w - 6*w + 8 = 0, -5*w = 4*f. Suppose 3*d = -4*o + 41, -3 = -f*o + d + 34. What is the units digit of o?
8
Let n(c) = -c**3 + 9*c**2 - 2*c + 12. Let s be n(8). Suppose -2*v + s = -0*v. What is the tens digit of v?
3
Suppose 0 = 4*q - 105 + 33. What is the tens digit of q?
1
Let w(r) = -4*r - 3. Let l be w(-4). Let x = l - 8. Suppose -x*a = -3 - 27. What is the units digit of a?
6
Suppose -2*d + 138 - 26 = 0. Let y = d - 32. What is the units digit of y?
4
What is the tens digit of 880/9 + (-18)/(-81)?
9
Let y = -3 + 5. Suppose -y*x + 22 = -x. Suppose x = -l + 3*l. What is the tens digit of l?
1
Let g = 8 - 6. Suppose -36 = -5*q + g*q. What is the units digit of q?
2
Let l be (-24 + 4)*(-2)/(-5). Let b = 26 - l. What is the units digit of b?
4
Suppose -3*q = -4*q + 193. What is the tens digit of q?
9
Let p = -16 + 25. Suppose -3*x + p = -96. What is the units digit of x?
5
What is the units digit of ((-2)/(4/15))/(14/(-196))?
5
Let x = 19 - 11. Let b = x - -78. Suppose 5*l + p = 90, -4*p = -4*l - 2*p + b. What is the tens digit of l?
1
Let k(l) = l - 7*l - 1 + 4*l - 7*l. What is the units digit of k(-1)?
8
Let z(h) = -3*h**3 + 3*h + 5*h**3 - h - 3*h. Suppose -g = 3*g - 8. What is the tens digit of z(g)?
1
What is the tens digit of 178/6 + (-4)/(-12)?
3
Let y(q) = -2*q + 1. Let n be -5 + 3 + 0 - 1. What is the units digit of y(n)?
7
Let o = 5 + 1. What is the units digit of o?
6
Let v = -14 + 28. Let d = 29 - v. What is the tens digit of d?
1
Let p = -343 + 505. What is the hundreds digit of p?
1
Let j(o) = -o**2 + 7*o - 5. Let n be j(7). Let f = n + 9. Suppose 2*v - 28 = -4*l + 4, -f*l - v = -32. What is the units digit of l?
8
Let d be 15/3 + 2 + -4. What is the tens digit of 6/((-51)/(-15) - d)?
1
What is the tens digit of 19 + 3/(-6)*2?
1
What is the units digit of 8/20 - 533/(-5)?
7
Suppose 0 = -4*f - 0*f. Let g = -3 + 7. Suppose 3*a + o - 33 = g*o, f = a + o - 19. What is the tens digit of a?
1
Suppose -p = 2*p - 288. What is the units digit of p?
6
Let c be 2/10 - (-372)/15. Let z = 56 - c. What is the tens digit of z?
3
Suppose 0 = -4*q + 2*s + 28 - 10, -2*q = -4*s - 6. Suppose q*m - 53 = 3*m + 3*n, 0 = 3*m - 3*n - 81. What is the units digit of m?
8
Suppose -4*y = -5*d + 36, -d + 5*y = -3*d - 12. Suppose -84 + 12 = -d*m. What is the units digit of m/81 + 34/9?
4
Let c = 7 + -5. Let n(o) = 4*o**3 + 4*o - 5*o**c + 2*o**3 - 5*o**3 + 1. What is the units digit of n(4)?
1
Let u be (1*4)/(4/2). Let a = u + -1. Let r = 3 - a. What is the units digit of r?
2
Suppose 5*r - 86 = -z, r - 314 = -4*z - 4*r. What is the tens digit of z?
7
Let l = 10 + -6. Suppose l*m = 10 + 18. What is the units digit of m?
7
What is the tens digit of 19 + (-3 - 3/(-1))?
1
Let p(a) = -a**3 - 10*a**2 - 11*a. Let f be p(-9). Suppose -c + 19 + f = 0. What is the tens digit of c?
3
Let d = 96 + -58. What is the tens digit of d?
3
Let o(m) be the third derivative of -m**6/40 - m**5/20 - m**4/8 - m**3/6 + 4*m**2. What is the tens digit of o(-2)?
1
Suppose -5 = -y - 4*y. Let m(l) = -y - 3*l + 1 + l. What is the units digit of m(-3)?
6
Suppose -4*l = -0*l - 4*u, -5 = 3*l - 4*u. Suppose -2*q - l*s = 3*q - 5, 3*q + 9 = s. What is the units digit of q/((-1)/(-8)*-2)?
8
Let i(u) = -54*u. What is the units digit of i(-1)?
4
Suppose -4*l + 113 = -0*l - 5*u, 2*l - 3*u - 57 = 0. What is the units digit of l?
7
Let i(q) = -q**2 + 20*q - 4. What is the tens digit of i(15)?
7
Let m = 121 - 77. Let y = m + -23. What is the units digit of y?
1
Suppose -4*l + 146 + 603 = 5*j, 3*l - 538 = j. What is the hundreds digit of l?
1
Let y(i) = -i**2 - 7*i + 3. Suppose 5*d + 14 = 3*d. What is the units digit of y(d)?
3
Let i be (-2)/5 + 17/5. Suppose -5*m + 37 = 3*y - 0*y, 5*y - 35 = -i*m. What is the units digit of y?
4
Let k(t) = -6*t - 13. What is the tens digit of k(-8)?
3
Let n be ((-24)/5)/((-15)/50). Let k = n + 0. What is the tens digit of k?
1
Let k = 17 - 12. Suppose 0 = -5*b + 4*w + 48, 0*b = -4*b + k*w + 33. What is the units digit of b?
2
Suppose 0 = 6*a - 2*a - 3*o - 853, -219 = -a - 5*o. What is the tens digit of a?
1
Suppose 10*k - 110 = 5*k. What is the units digit of 2/(k/18 + -1)?
9
Suppose h - 35 = 244. What is the hundreds digit of h?
2
Let c be 1*-31 + (2 - 1). Let s be (11/(-2))/(1/(-8)). Let n = c + s. What is the tens digit of n?
1
Suppose 3*t - 4*o - 4 = -t, 4*t - 3*o - 5 = 0. What is the tens digit of (-20)/(-16)*64/t?
4
Let k(h) = h**2 - 3*h - 6. Let x be (2 + 0)/(2/7). Let l be k(x). What is the units digit of (-68)/(-11) - 4/l?
6
Suppose -125 - 83 = -4*l. Suppose -2*f = 2*g - l, -3*g = f + 10 - 94. What is the tens digit of g?
2
What is the units digit of (-1 + 112*-1)*-1?
3
Let o(i) = 2*i**2 + 2*i - 16. What is the units digit of o(7)?
6
Let f(u) = u**3. Let p(t) = -4*t**3 - 2*t + 1. Let n be 2/3 - (-3)/9. Let z(y) = n*p(y) + 6*f(y). What is the units digit of z(1)?
1
Let h = 553 + -294. What is the hundreds digit of h?
2
Suppose 0*z - 4*l = z - 62, 2*z = -4*l + 108. What is the tens digit of z?
4
Let n = 6 - 5. What is the units digit of 1 - n/(-1) - 1?
1
Let y = -13 + 18. Suppose 3*a = 4*m - 3, y*m - 6 - 24 = -5*a. What is the units digit of a?
3
What is the tens digit of (-2)/(-9) - (-734)/18?
4
Let s(f) = 42*f - 6. What is the units digit of s(2)?
8
Suppose 3*i - 70 = -25. Let p = -9 + i. What is the units digit of p?
6
Let c be (-1 - 2)/((-3)/2). Suppose -3*r - 17 = c*s + 30, -4*s = 3*r + 91. Let k = -10 - s. What is the units digit of k?
2
Let o(d) = -d**3 - 4*d**2 + 4. Let l be o(-4). Suppose 8 = l*v, -115 = x - 4*x - 2*v. What is the tens digit of x?
3
Let t be 2*(2 - (-21)/(-6)). Let w(z) = z**3 + z**2 - 3*z + 3. Let d be w(t). What is the units digit of (16 + -4)*d/(-4)?
8
Let w = 5 + 22. What is the tens digit of w?
2
Let k(s) = 8*s**3 + 3*s**2 - s + 1. Let c be k(2). Suppose -c = 16*z - 21*z. What is the tens digit of z?
1
Suppose -2*h - 2*h = -16. Suppose 5*l + 6 + 9 = -h*x, 4*l = -2*x - 6. What is the units digit of l?
1
Let k(t) = t + 2. Let c(y) be the first derivative of 2*y**2 + 6*y + 1. Let o(q) = -5*c(q) + 14*k(q). What is the units digit of o(-2)?
0
Suppose -3 = 3*u, n - 1 - 3 = u. Suppose -14 = -n*q + 1. What is the units digit of q?
5
Let u = 386 + -252. What is the units digit of u?
4
What is the units digit of ((-6)/(-28) - 4/(-14))*252?
6
What is the units digit of 10/(-5)*(-26)/4?
3
Let s be -2*1 + (-8 - -7). Let b = s + 3. Let a = 2 + b. What is the units digit of a?
2
Let t(x) = x**3 + 14*x**2 + x + 18. Let z be t(-14). Let b be 60/(-4)*(-1 + 0). Suppose z*y = 3*f + 2 - 11, -2*y = -3*f + b. What is the units digit of f?
7
Let b = -56 - -89. Suppose -i + b = 14. Suppose -4 + i = 5*f. What is the units digit of f?
3
Let x(d) = -d + 10. Let c be x(8). Suppose i - 3*b = 9, c*b - 3*b 